1
What is the units digit of ((-3729)/5 - 1)/(2816/(-400) - -7)?
0
Let j = -9125 - -18425. What is the hundreds digit of j?
3
What is the thousands digit of (-113873)/(-6) + (-24)/(-144)?
8
Let t(b) = -362*b + 2661. What is the tens digit of t(-54)?
0
Let h = 129 - 224. Let q = h - -384. What is the tens digit of q?
8
Let r(l) = 782*l + 23252. What is the thousands digit of r(0)?
3
Suppose j = -15*u + 20*u + 9372, 18731 = 2*j + 3*u. What is the hundreds digit of j?
3
Let z be (8/3)/(31/(-1488)). Let g = 473 + z. What is the tens digit of g?
4
What is the units digit of 24/(-360) + (-24074)/120*-292?
0
Let n = -5793 - -9223. What is the thousands digit of n?
3
Let v(j) = 753*j + 435. What is the units digit of v(5)?
0
Suppose -15 = -6*g + 15. Suppose 0 = 2*f - a - 412, -g*f + 4*f + 4*a = -192. What is the units digit of f?
8
Suppose -2*c + j + 31321 = 0, -4*j + 29 - 25 = 0. What is the units digit of c?
1
Let q = -74168 - -125839. What is the units digit of q?
1
Let k(i) = 2*i + 47. Let m be k(-18). Suppose p + 5 = -4. Let n = p + m. What is the units digit of n?
2
Let l(j) = 22 + 11 - 6 - 42*j + 40*j. Suppose 0 = 3*i + i. What is the units digit of l(i)?
7
Suppose 3*j + 6 = 0, -5*o + 8*j - 9747 = -32488. What is the thousands digit of o?
4
Let c = -395 - -390. What is the units digit of 1*(c + (917 - -2))?
4
Let r = 22 - -20. Suppose -5*m + r = -38. Suppose -m*g = -17*g + 113. What is the hundreds digit of g?
1
Let u(m) = -m**3 + 11*m**2 - 61*m + 19. Let o be u(7). Let n = o - -317. What is the units digit of n?
5
Suppose -286074*f = -286069*f - 109360. What is the ten thousands digit of f?
2
Suppose 506433 = 15*z + 208*z. What is the hundreds digit of z?
2
Let m be (1 + 0)/((-30)/30). What is the tens digit of 348 - (m + 3) - (2 + 1)?
4
Let a = -168 + 170. Suppose -39 = -a*p + 1085. What is the units digit of p?
2
Let p = 6168 - -282. What is the tens digit of -7 - (-512)/72 - p/(-27)?
3
Let x(l) = 5*l**2 - 36*l - 880. What is the hundreds digit of x(92)?
1
Suppose 0 = 34*f + 225490 + 2096540. What is the hundreds digit of (2/2)/(9 + f/7590)?
5
Let d be (-2)/10 + 128/40. Suppose 2*l + 4*b - 292 = 0, 5*l = d*b - 5*b + 722. Suppose -4*q = g - 0*q - 139, 0 = -g - 3*q + l. What is the units digit of g?
9
Let n be 41/5 - (-1)/(-5). Suppose 0 = 14*k - n*k - 1662. Let g = 413 - k. What is the tens digit of g?
3
Let t(k) = k**3 + 15*k**2 + 17*k - 12. Suppose -3*p = 8*p + 143. Let g be t(p). Let l = g + -53. What is the units digit of l?
2
Let r(i) be the second derivative of 17*i**4/4 - i**2 + 4*i + 15. Let t(f) = -f**2 - 3*f - 3. Let j be t(-2). What is the units digit of r(j)?
9
Suppose -6*r + k - 270 = -2*r, -r - 5*k - 57 = 0. Let h = -1486 - -1608. Let c = r + h. What is the tens digit of c?
5
Suppose 5*p - 19909 = 2*b + 9981, -5*p + 29890 = -4*b. What is the thousands digit of p?
5
Suppose -v + 15 = 2*y + 18, v + 5*y = -12. What is the units digit of (42/(-18) + v)*480?
0
Let d(o) = -44*o - 35. Let m(n) = 43*n + 37. Let w(x) = 3*d(x) + 4*m(x). What is the hundreds digit of w(8)?
3
Suppose -147*v + 254869 + 547270 + 1097983 = 0. What is the units digit of v?
6
Suppose -1147133 = -27*x - 292934. What is the units digit of x?
7
Let t be (141 + 2 + -5)*1. Let m = 214 - t. Let v = m - 20. What is the units digit of v?
6
Let u(k) = 155*k - 19. Let o(h) = -52*h + 6. Let p(q) = 17*o(q) + 6*u(q). What is the units digit of p(16)?
4
Let k = 289 - 124. Suppose -k = -5*o + 5*j, 6*o + j = 3*o + 103. Let l = o + -12. What is the tens digit of l?
2
Suppose -192*z = -2470047 + 1365016 - 1869625. What is the ten thousands digit of z?
1
Let t(l) = -15*l - 183. Let b be t(-13). What is the tens digit of b/(-8)*-361*(-6)/(-9)?
6
Suppose -30*x + 31*x = -136. Let m = 548 + x. What is the hundreds digit of m?
4
Suppose -714*o = -684*o - 336300. What is the hundreds digit of o?
2
Suppose -m + 3*m + 3*u = 15604, -4*m - 3*u = -31220. What is the hundreds digit of m?
8
Let f = 17 - 16. Suppose 23 = c + f. What is the hundreds digit of ((-64)/(-12))/(c/21 - 1)?
1
Let z be 15/((2/(-136))/((-1)/(-6))). Let c = 545 + z. Suppose 0 = -k - 3*r + 105, 2*k = 6*k + 3*r - c. What is the units digit of k?
0
Let c = -33304 + 57599. Suppose -27*j - 6502 + c = 0. What is the hundreds digit of j?
6
Suppose -8*f = -2*f + 24. Let b be (-1)/(f/224) - -1. Suppose 0 = -b*a + 52*a + 105. What is the units digit of a?
1
Suppose -9*h + 123 = -8*h. Suppose -585 - h = -4*f. Let z = -91 + f. What is the tens digit of z?
8
Let j(u) = -16*u - 1. Let k be j(-1). Let o be 15/6*24/k. Suppose 0 = -o*z - m + 138, -2*z - 5*m + 42 + 18 = 0. What is the units digit of z?
5
Let y(l) = 6648*l - 759. What is the tens digit of y(11)?
6
Suppose -g - 303 = 3*p, 4*g = 3*p + 2*p + 505. Let f = p - -79. What is the tens digit of 3*(-214)/f - (-4)/(-22)?
2
Suppose -4*w = 2*f + 6 - 234, 4*w - 3*f = 208. Suppose 2*h - 119 = -w. What is the tens digit of h?
3
Suppose -4782 = -5*q - 3*m, 2*q - 71 = 5*m + 1848. Let f = 1626 - q. What is the hundreds digit of f?
6
Suppose -17*x = -18339 - 8351. Suppose -9*j + x + 3830 = 0. What is the hundreds digit of j?
6
Let r be (-8)/(-6) + -2 - (-110)/(-6). Let j(i) = -i**2 - 29*i - 3. Let t be j(r). Let b = -93 + t. What is the units digit of b?
4
What is the thousands digit of ((-1)/(-3))/(111/1403928)?
4
Let i be (-2)/(-2 + 12/(-8) - -3). Suppose s - 3 = -w + i, -4*w + 35 = -3*s. What is the tens digit of ((-7)/(-4) + 2/w)*47?
9
Suppose -2321*d + 2352*d - 407371 = 0. What is the thousands digit of d?
3
What is the ten thousands digit of 2/((0 + 2)/(-5*(-956639)/115))?
4
Let w be 3/7 + 0 - 3132/(-42). Let i be (4/6)/(10/w). Suppose 18*z + i*z = 4761. What is the units digit of z?
7
Let k be -10*((-259)/14 + 0). Suppose 1214 = -k*r + 187*r. What is the hundreds digit of r?
6
Let j = 78 - -9. Suppose -24 = -3*a - 2*a + 2*x, 18 = 5*a - 4*x. Suppose a*u - j = 111. What is the tens digit of u?
3
Let u = 1 + 1. Suppose -73*f = -10493 + 159194. What is the hundreds digit of u/8 + f/(-12)?
1
Let b(x) = -x**2 + 3*x - 10. Let t be b(10). Let d = t + 416. Suppose 2*y + 5*p = 184, -2*p = y + 3*y - d. What is the units digit of y?
2
Suppose -4*r - 20 + 15 = -13. Suppose 2*n - 1 = 3*v + 2, 4*v + 4 = n. Suppose n = r*s - s - 30. What is the units digit of s?
0
Suppose -5*b + 3*r - 4301 = 0, -5*b - 4285 = -13*r + 18*r. Let k = b + 1518. What is the hundreds digit of k?
6
Suppose r - 2*i + 5 = -3, -2*r + 3*i - 11 = 0. Suppose -s - 83 = -r*x - 2*s, -2*x = 5*s - 103. Let j = 53 - x. What is the units digit of j?
4
Suppose 0 = 6*i - 12*i + 72. Suppose 0 = -i*j + 2527 + 2057. What is the tens digit of j?
8
What is the thousands digit of (3055 - (-56)/7) + (5 - 6)?
3
Suppose 7*k - 4*k = 60. Suppose 4*y - 3816 = -k*y. What is the units digit of y?
9
Let g = 6263 - -19004. What is the thousands digit of g?
5
Suppose 3*f - 615*g - 5785 = -610*g, f + 4*g = 1934. What is the thousands digit of f?
1
Suppose 1226 - 5849 = -3*b - 3*z, 0 = 5*b - 3*z - 7697. Let f = b + -863. Suppose -5*i - 482 = -2*m, 3*i + f = 3*m + 7*i. What is the hundreds digit of m?
2
Suppose 1839208 + 352058 = -22*n + 99*n. What is the units digit of n?
8
Suppose -21058*l - 34494 = -21064*l. What is the hundreds digit of l?
7
Suppose 0 = -4*l + w - 57, -5*w + 7*w + 16 = -2*l. What is the thousands digit of (1536/(-36) - l)*(1 - 46)?
1
Suppose 1225*y = 1246*y - 645540. What is the units digit of y?
0
Suppose 0*c + 3*b + 89 = -5*c, 0 = -3*c + 3*b - 63. Let i(d) = 10*d - d**2 + 5 - d + 2*d**2 + 7. What is the units digit of i(c)?
2
Let m be -4 - (-3 + (-1 + -1 - -2)). Let d be 482/8 + (m - 42/(-24)). What is the units digit of d/((4 + -3)*1)?
1
Let b(m) be the first derivative of -m**3/3 - 10*m**2 + 21*m + 5. Let l be b(-20). Suppose -l = -p - 4. What is the tens digit of p?
1
Let z = 130 + -56. What is the tens digit of z/185 + 2048/5?
1
Let w be (-44)/44*(-227)/1. Suppose g - w = 339. What is the tens digit of g?
6
Suppose -2 = -4*d - 2*o + 4*o, -4*d + 37 = 5*o. Suppose -d*t + 2*t = -135. What is the units digit of t?
5
Let t = -8963 - -18437. What is the tens digit of t?
7
Let w(l) = -166*l**2 + 7*l - 46. Let g be w(-10). What is the tens digit of (3/(-2))/(63/g)?
9
Suppose 69*o + 56*o - 3161410 = -8*o. What is the hundreds digit of o?
